{"id":2,"date":"2016-05-10T03:48:21","date_gmt":"2016-05-10T03:48:21","guid":{"rendered":"https:\/\/ferienhort.ch\/?page_id=2"},"modified":"2024-11-02T10:59:36","modified_gmt":"2024-11-02T10:59:36","slug":"sample-page","status":"publish","type":"page","link":"https:\/\/ferienhort.ch\/","title":{"rendered":"Willkommen!"},"content":{"rendered":"\t\t<div data-elementor-type=\"wp-page\" data-elementor-id=\"2\" class=\"elementor elementor-2\">\n\t\t\t\t\t\t<section class=\"elementor-section elementor-top-section elementor-element elementor-element-44c0ea8d elementor-section-boxed elementor-section-height-default elementor-section-height-default\" data-id=\"44c0ea8d\" data-element_type=\"section\" data-e-type=\"section\">\n\t\t\t\t\t\t<div class=\"elementor-container elementor-column-gap-default\">\n\t\t\t\t\t<div class=\"elementor-column elementor-col-100 elementor-top-column elementor-element elementor-element-1ce4e998\" data-id=\"1ce4e998\" data-element_type=\"column\" data-e-type=\"column\">\n\t\t\t<div class=\"elementor-widget-wrap elementor-element-populated\">\n\t\t\t\t\t\t<div class=\"elementor-element elementor-element-6dbafe1d elementor-widget elementor-widget-text-editor\" data-id=\"6dbafe1d\" data-element_type=\"widget\" data-e-type=\"widget\" data-widget_type=\"text-editor.default\">\n\t\t\t\t<div class=\"elementor-widget-container\">\n\t\t\t\t\t\t\t\t\t<p>Viele Eltern ben\u00f6tigen in den Ferien f\u00fcr ihre Kinder tageweise oder an ganzen Wochen einen Betreuungsplatz. Dies, weil in der Wohngemeinde entweder gar keine Angebote vorhanden sind oder die Sport- und Freizeitangebote in der Region nicht ausreichen, nicht zusagen oder zu weit entfernt sind.<\/p><h3>Kooperation zwischen Neerach, Steinmaur, Wehntal und ab Schuljahr 2024\/25 mit Bachs<\/h3><p>Die drei Schulen Neerach, Wehntal und Bachs \u00f6ffnen ihre Betreuungsst\u00e4tten in den Ferien f\u00fcr Kinder der Primarschulen Neerach, Steinmaur, Wehntal und Bachs. Dadurch k\u00f6nnen fast alle Ferienwochen abgedeckt werden. Die Angebote werden auch dann durchgef\u00fchrt, wenn keine Kinder der durchf\u00fchrenden Gemeinde einen Betreuungsplatz belegt haben.<\/p><p>Die Kooperation der drei Gemeinden begann mit den Herbstferien 2020. Ab Schuljahr 2024\/25 geh\u00f6rt auch die Primarschule Bachs dazu. Erziehungsberechtigte k\u00f6nnen ihre Kinder anmelden. Jeweils am letzten Tag der Ferienwochen wird dann das Formular f\u00fcr die n\u00e4chsten Ferien aufgeschaltet. Das Buchen von Betreuungspl\u00e4tzen \u00fcber die n\u00e4chsten Ferien hinaus ist noch nicht vorgesehen.<\/p><h3>Wichtige Informationen<\/h3><ul><li>Alle Kindergartenkinder und Primarsch\u00fcler*innen der Schulen Neerach, Steinmaur, Wehntal und Bachs k\u00f6nnen die Betreuungsangebote der Schulen Neerach, Wehntal und Bachs nutzen.<\/li><li>Die Betreuung beginnt um 7 Uhr und endet um 18 Uhr.\u00a0Die Kinder k\u00f6nnen zwischen 7 und 9 gebracht und zwischen 17 und 18 Uhr abgeholt werden.<\/li><li>Ein Betreuungstag kostet 100 Franken (Neerach: ab 1.8.2025 110 Franken). Zn\u00fcni, Mittagessen und ein Zvieri sind im Preis inbegriffen. \u00a0<\/li><li>Eine Anmeldung ist \u00fcber das <a href=\"https:\/\/ferienhort.ch\/?page_id=198\">Anmeldeformular<\/a> oder direkt bei den durchf\u00fchrenden Gemeinden m\u00f6glich.\u00a0Mit der Anmeldung wird ein ernsthaftes Interesse an einem Ferienbetreuungsplatz signalisiert.<\/li><li>Es gibt keine Erm\u00e4ssigungen f\u00fcr ausw\u00e4rtige Kinder und auch keinen Geschwisterrabatt.<\/li><li>Die\u00a0Anfrage garantiert noch kein Anrecht auf einen Platz. Erst mit der Anmeldungsbest\u00e4tigung ist der Platz garantiert.<\/li><li>Die Website ferienhort.ch wird von der Primarschule Steinmaur unterhalten. Anpassungen sind jederzeit m\u00f6glich.<\/li><\/ul>\t\t\t\t\t\t\t\t<\/div>\n\t\t\t\t<\/div>\n\t\t\t\t\t<\/div>\n\t\t<\/div>\n\t\t\t\t\t<\/div>\n\t\t<\/section>\n\t\t\t\t<\/div>\n\t\t","protected":false},"excerpt":{"rendered":"<p>Viele Eltern ben\u00f6tigen in den Ferien f\u00fcr ihre Kinder tageweise oder an ganzen Wochen einen Betreuungsplatz. Dies, weil in der &hellip; <span class=\"more-button\"><a href=\"https:\/\/ferienhort.ch\/\" class=\"more-link\">Continue Reading<span class=\"screen-reader-text\">Willkommen!<\/span><\/a><\/span><\/p>\n","protected":false},"author":1,"featured_media":0,"parent":0,"menu_order":0,"comment_status":"closed","ping_status":"closed","template":"","meta":{"footnotes":""},"class_list":["post-2","page","type-page","status-publish","hentry"],"_links":{"self":[{"href":"https:\/\/ferienhort.ch\/index.php?rest_route=\/wp\/v2\/pages\/2","targetHints":{"allow":["GET"]}}],"collection":[{"href":"https:\/\/ferienhort.ch\/index.php?rest_route=\/wp\/v2\/pages"}],"about":[{"href":"https:\/\/ferienhort.ch\/index.php?rest_route=\/wp\/v2\/types\/page"}],"author":[{"embeddable":true,"href":"https:\/\/ferienhort.ch\/index.php?rest_route=\/wp\/v2\/users\/1"}],"replies":[{"embeddable":true,"href":"https:\/\/ferienhort.ch\/index.php?rest_route=%2Fwp%2Fv2%2Fcomments&post=2"}],"version-history":[{"count":55,"href":"https:\/\/ferienhort.ch\/index.php?rest_route=\/wp\/v2\/pages\/2\/revisions"}],"predecessor-version":[{"id":631,"href":"https:\/\/ferienhort.ch\/index.php?rest_route=\/wp\/v2\/pages\/2\/revisions\/631"}],"wp:attachment":[{"href":"https:\/\/ferienhort.ch\/index.php?rest_route=%2Fwp%2Fv2%2Fmedia&parent=2"}],"curies":[{"name":"wp","href":"https:\/\/api.w.org\/{rel}","templated":true}]}}